{"id":255,"date":"2024-06-20T06:36:31","date_gmt":"2024-06-20T06:36:31","guid":{"rendered":"https:\/\/rasadniksasa.rs\/?page_id=255"},"modified":"2025-03-17T10:54:17","modified_gmt":"2025-03-17T10:54:17","slug":"thuja-occ-smaragd","status":"publish","type":"page","link":"https:\/\/rasadniksasa.rs\/?page_id=255","title":{"rendered":"Thuja occ &#8220;SMARAGD&#8221;"},"content":{"rendered":"\n<div class=\"wp-block-cover\" style=\"font-size:27px\"><span aria-hidden=\"true\" class=\"wp-block-cover__background has-background-dim\" style=\"background-color:#636a38\"><\/span><img loading=\"lazy\" decoding=\"async\" width=\"1200\" height=\"960\" class=\"wp-block-cover__image-background wp-image-258\" alt=\"\" src=\"https:\/\/rasadniksasa.rs\/wp-content\/uploads\/2024\/06\/20240611_084929COPY-2.jpg\" data-object-fit=\"cover\" srcset=\"https:\/\/rasadniksasa.rs\/wp-content\/uploads\/2024\/06\/20240611_084929COPY-2.jpg 1200w, https:\/\/rasadniksasa.rs\/wp-content\/uploads\/2024\/06\/20240611_084929COPY-2-300x240.jpg 300w, https:\/\/rasadniksasa.rs\/wp-content\/uploads\/2024\/06\/20240611_084929COPY-2-1024x819.jpg 1024w, https:\/\/rasadniksasa.rs\/wp-content\/uploads\/2024\/06\/20240611_084929COPY-2-768x614.jpg 768w, https:\/\/rasadniksasa.rs\/wp-content\/uploads\/2024\/06\/20240611_084929COPY-2-1140x912.jpg 1140w\" sizes=\"auto, (max-width: 1200px) 100vw, 1200px\" \/><div class=\"wp-block-cover__inner-container is-layout-constrained wp-block-cover-is-layout-constrained\">\n<p class=\"has-text-align-center\" style=\"font-size:0px\"><\/p>\n<\/div><\/div>\n\n\n\n<p class=\"smaragd thuja \u010detinar\" id=\"smaragd\">Thuja occidentalis &#8216;Smaragd&#8217; <\/p>\n\n\n\n<h4 class=\"wp-block-heading\">Opis biljke:<strong><\/strong><\/h4>\n\n\n\n<p>Smaragdna tuja (Thuja occidentalis &#8216;Smaragd&#8217;) je zimzelena vrsta \u010dempresa, poznata po uskoj, uspravnoj i gusto granatoj kro\u0161nji. Njeni igli\u010dasti listovi su tamnozelene boje tokom cele godine, a zbog svoje gustine i kompaktnosti, smaragdna tuja je \u010desto kori\u0161\u0107ena za \u017eivu ogradu ili kao soliterna biljka u vrtovima. Ova vrsta tuje je vrlo dekorativna i otpornija na nepovoljne uslove, poput smoga i zaga\u0111enja, zbog \u010dega je \u010desto koristi u urbanim sredinama.<\/p>\n\n\n\n<h4 class=\"wp-block-heading\">Dimenzije i rast:<strong><\/strong><\/h4>\n\n\n\n<ul class=\"wp-block-list\">\n<li><strong>Visina:<\/strong>&nbsp;3 \u2013 5 metara<\/li>\n\n\n\n<li><strong>\u0160irina:<\/strong>1 metar<\/li>\n\n\n\n<li><strong>Brzina rasta:<\/strong>&nbsp;Srednja (20-30 cm godi\u0161nje)<\/li>\n\n\n\n<li><strong>\u017divotni vek:<\/strong>&nbsp;20 \u2013 40 godina<\/li>\n<\/ul>\n\n\n\n<p><strong>Sadnja i uslovi gajenja:<\/strong><\/p>\n\n\n\n<ul class=\"wp-block-list\">\n<li>&nbsp;<strong>Lokacija:<\/strong>&nbsp;Smaragdna tuja najbolje uspeva na sun\u010danim ili polusenovitim mestima. Vi\u0161e sun\u010deve svetlosti \u010dini da biljka bude gu\u0161\u0107a i zeleni, ali dobro podnosi i delimi\u010dnu senku.<\/li>\n\n\n\n<li><strong>Zemlji\u0161te:<\/strong>&nbsp;Preferira vla\u017eno, dobro drenirano zemlji\u0161te koje je blago kiselo do neutralno. Tlo treba da bude dovoljno porozno, kako bi se spre\u010dilo zadr\u017eavanje vode oko korena.<\/li>\n\n\n\n<li><strong>Vlaga:<\/strong>&nbsp;Smaragdna tuja je otporna na su\u0161u, ali zahteva umereno zalivanje dok se ne usadi, naro\u010dito u su\u0161nim periodima.<\/li>\n\n\n\n<li><strong>Otpornost:<\/strong>&nbsp;Otporna je na hladno\u0107u, a vrlo dobro podnosi zaga\u0111enje, \u0161to je \u010dini odli\u010dnim izborom za urbane sredine.<\/li>\n<\/ul>\n\n\n\n<p><strong>Odr\u017eavanje i nega:<\/strong><\/p>\n\n\n\n<ul class=\"wp-block-list\">\n<li><strong>Zalivanje:<\/strong>&nbsp;Umereno, sa naglaskom na redovno zalivanje dok je biljka mlada i tokom su\u0161nih perioda.<\/li>\n\n\n\n<li><strong>Prihrana:<\/strong>&nbsp;Mo\u017ee se prihranjivati dvaput godi\u0161nje sa osnovnim \u0111ubrivom, najbolje u prole\u0107e i jesen, kako bi podstakla rast.<\/li>\n\n\n\n<li><strong>Rezidba:<\/strong>&nbsp;Smaragdna tuja ne zahteva \u010desto orezivanje, ali se mo\u017ee povremeno oblikovati kako bi zadr\u017eala svoj uski, kompaktni oblik. Rezidba se vr\u0161i u prole\u0107e ili nakon leta.<br><\/li>\n\n\n\n<li><strong>\u0160teto\u010dine i bolesti:<\/strong>&nbsp;Relativno je otporna na bolesti i \u0161teto\u010dine, ali mo\u017ee biti podlo\u017ena napadima grinja, lisnih va\u0161i ili gljivi\u010dnih bolesti u uslovima prekomerne vlage.<\/li>\n<\/ul>\n\n\n\n<p><strong>Upotreba i zna\u010daj:<\/strong><\/p>\n\n\n\n<ul class=\"wp-block-list\">\n<li><strong>Dekorativna vrednost<\/strong>&nbsp;\u2013 Idealan za formiranje \u017eivih ograda i ivica, zbog svoje uske kro\u0161nje i gustog rasta. \u010cesto se koristi i kao ukrasno drvo u dvori\u0161tima i parkovima.<\/li>\n\n\n\n<li><strong>Kompaktna forma<\/strong>&nbsp;\u2013 Smaragdna tuja je vrlo pogodna za male i srednje velike vrtove, jer raste uspravno i ne \u0161iri se previ\u0161e.<\/li>\n\n\n\n<li><strong>Otpornost na zaga\u0111enje<\/strong>&nbsp;\u2013 Ova vrsta tuje je vrlo otporna na smog i zaga\u0111enje, \u0161to je \u010dini savr\u0161enim izborom za urbane sredine.<\/li>\n<\/ul>\n\n\n\n<p><strong>Zaklju\u010dak:<\/strong><\/p>\n\n\n\n<p class=\"smaragd thuja \u010detinar\" id=\"smaragd\">Smaragdna tuja je elegantno, zimzeleno drvo koje pru\u017ea prekrasan izgled tokom cele godine. Sa svojom uskom i gustom kro\u0161njom, savr\u0161ena je za \u017eivu ogradu, u formiranju granica ili kao soliterna biljka u vrtovima. Lako je odr\u017eavati, otporna je na mnoge nepovoljne uslove i daje dugotrajan vizuelni efekat u pejza\u017eu.<\/p>\n","protected":false},"excerpt":{"rendered":"<p>Thuja occidentalis &#8216;Smaragd&#8217; Opis biljke: Smaragdna tuja (Thuja occidentalis &#8216;Smaragd&#8217;) je zimzelena vrsta \u010dempresa, poznata po uskoj, uspravnoj i gusto granatoj kro\u0161nji. Njeni igli\u010dasti listovi su tamnozelene boje tokom cele godine, a zbog svoje gustine i kompaktnosti, smaragdna tuja je \u010desto kori\u0161\u0107ena za \u017eivu ogradu ili kao soliterna biljka u vrtovima. Ova vrsta tuje je vrlo dekorativna i otpornija na nepovoljne uslove, poput smoga i zaga\u0111enja, zbog \u010dega je \u010desto koristi u urbanim sredinama. Dimenzije i rast: Sadnja i uslovi gajenja: Odr\u017eavanje i nega: Upotreba i zna\u010daj: Zaklju\u010dak: Smaragdna tuja je elegantno, zimzeleno drvo koje pru\u017ea prekrasan izgled tokom cele godine. Sa svojom uskom i gustom kro\u0161njom, savr\u0161ena je za \u017eivu ogradu, u formiranju granica ili kao soliterna biljka u vrtovima. Lako je odr\u017eavati, otporna je na mnoge nepovoljne uslove i daje dugotrajan vizuelni efekat u pejza\u017eu.<\/p>\n","protected":false},"author":1,"featured_media":258,"parent":0,"menu_order":0,"comment_status":"closed","ping_status":"closed","template":"","meta":{"footnotes":""},"class_list":["post-255","page","type-page","status-publish","has-post-thumbnail","hentry"],"_links":{"self":[{"href":"https:\/\/rasadniksasa.rs\/index.php?rest_route=\/wp\/v2\/pages\/255","targetHints":{"allow":["GET"]}}],"collection":[{"href":"https:\/\/rasadniksasa.rs\/index.php?rest_route=\/wp\/v2\/pages"}],"about":[{"href":"https:\/\/rasadniksasa.rs\/index.php?rest_route=\/wp\/v2\/types\/page"}],"author":[{"embeddable":true,"href":"https:\/\/rasadniksasa.rs\/index.php?rest_route=\/wp\/v2\/users\/1"}],"replies":[{"embeddable":true,"href":"https:\/\/rasadniksasa.rs\/index.php?rest_route=%2Fwp%2Fv2%2Fcomments&post=255"}],"version-history":[{"count":9,"href":"https:\/\/rasadniksasa.rs\/index.php?rest_route=\/wp\/v2\/pages\/255\/revisions"}],"predecessor-version":[{"id":592,"href":"https:\/\/rasadniksasa.rs\/index.php?rest_route=\/wp\/v2\/pages\/255\/revisions\/592"}],"wp:featuredmedia":[{"embeddable":true,"href":"https:\/\/rasadniksasa.rs\/index.php?rest_route=\/wp\/v2\/media\/258"}],"wp:attachment":[{"href":"https:\/\/rasadniksasa.rs\/index.php?rest_route=%2Fwp%2Fv2%2Fmedia&parent=255"}],"curies":[{"name":"wp","href":"https:\/\/api.w.org\/{rel}","templated":true}]}}